{"id":43,"date":"2006-09-15T21:42:10","date_gmt":"2006-09-15T19:42:10","guid":{"rendered":"http:\/\/digipaed.de\/cms\/?page_id=43"},"modified":"2008-03-26T23:02:47","modified_gmt":"2008-03-26T21:02:47","slug":"medienberatung","status":"publish","type":"page","link":"http:\/\/digipaed.de\/cms\/?page_id=43","title":{"rendered":"Medienberatung"},"content":{"rendered":"<p>Medien \u00e4ndern und entwickeln sich. Wir beraten Sie und stehen Ihnen bei der Umsetzung Ihres Projektes gerne zur Seite. Eine Medienberatung k\u00f6nnte bspw. folgende Punkte betreffen:<\/p>\n<ul>\n<li>Sie m\u00f6chten Unterst\u00fctzung bei der technischen Umsetzung Ihres Vorhabens<\/li>\n<li>Sie m\u00f6chten Anregungen bei der konzeptionellen Umsetzung Ihrer Projektidee<\/li>\n<li>Sie m\u00f6chten Ihr bestehendes Medienangebot neu- bzw. umgestalten<\/li>\n<li> Beratung bei der technischen Systemauswahl Ihres Medienangebotes<\/li>\n<\/ul>\n","protected":false},"excerpt":{"rendered":"<p>Medien \u00e4ndern und entwickeln sich. Wir beraten Sie und stehen Ihnen bei der Umsetzung Ihres Projektes gerne zur Seite. Eine Medienberatung k\u00f6nnte bspw. folgende Punkte betreffen: Sie m\u00f6chten Unterst\u00fctzung bei der technischen Umsetzung Ihres Vorhabens Sie m\u00f6chten Anregungen bei der konzeptionellen Umsetzung Ihrer Projektidee Sie m\u00f6chten Ihr bestehendes Medienangebot neu- bzw. umgestalten Beratung bei der &hellip; <a href=\"http:\/\/digipaed.de\/cms\/?page_id=43\" class=\"more-link\"><span class=\"screen-reader-text\">Medienberatung<\/span> weiterlesen <span class=\"meta-nav\">&rarr;<\/span><\/a><\/p>\n","protected":false},"author":15,"featured_media":0,"parent":28,"menu_order":0,"comment_status":"closed","ping_status":"closed","template":"","meta":{"footnotes":""},"class_list":["post-43","page","type-page","status-publish","hentry"],"_links":{"self":[{"href":"http:\/\/digipaed.de\/cms\/index.php?rest_route=\/wp\/v2\/pages\/43"}],"collection":[{"href":"http:\/\/digipaed.de\/cms\/index.php?rest_route=\/wp\/v2\/pages"}],"about":[{"href":"http:\/\/digipaed.de\/cms\/index.php?rest_route=\/wp\/v2\/types\/page"}],"author":[{"embeddable":true,"href":"http:\/\/digipaed.de\/cms\/index.php?rest_route=\/wp\/v2\/users\/15"}],"replies":[{"embeddable":true,"href":"http:\/\/digipaed.de\/cms\/index.php?rest_route=%2Fwp%2Fv2%2Fcomments&post=43"}],"version-history":[{"count":0,"href":"http:\/\/digipaed.de\/cms\/index.php?rest_route=\/wp\/v2\/pages\/43\/revisions"}],"up":[{"embeddable":true,"href":"http:\/\/digipaed.de\/cms\/index.php?rest_route=\/wp\/v2\/pages\/28"}],"wp:attachment":[{"href":"http:\/\/digipaed.de\/cms\/index.php?rest_route=%2Fwp%2Fv2%2Fmedia&parent=43"}],"curies":[{"name":"wp","href":"https:\/\/api.w.org\/{rel}","templated":true}]}}