{"id":28,"date":"2006-08-14T16:50:51","date_gmt":"2006-08-14T14:50:51","guid":{"rendered":"http:\/\/digipaed.de\/cms\/?page_id=28"},"modified":"2020-04-18T22:37:38","modified_gmt":"2020-04-18T20:37:38","slug":"anggebote","status":"publish","type":"page","link":"http:\/\/digipaed.de\/cms\/?page_id=28","title":{"rendered":"Angebote"},"content":{"rendered":"<p>Heiko Walter ist mit digipaed multimedia workshops seit 1999 im Bereich der medienp\u00e4dagogischen Projektarbeit t\u00e4tig. Die medienp\u00e4dagogische T\u00e4tigkeit bezog sich zun\u00e4chst auf die Entwicklung und Durchf\u00fchrung von medienp\u00e4dagogischen Seminaren und Workshops.<\/p>\n<p>Seit etwa 2004 sind die Bereiche Medienproduktion und &#8222;Medienberatung und Consulting&#8220; hinzugekommen. Dieser Bereich wurde durch eine Weiterbildung an der Akademie Remscheid weiter professionalisiert.<\/p>\n<p>Mittlerweile hat Heiko Walter eine 2-j\u00e4hrige Systemische Weiterbildung (DGSF) absolviert. Seit 2013 ist er im Bereich der systemischen Familienberatung t\u00e4tig. H\u00e4ufig im Zusammenhang mit exzessiver Mediennutzung. Daneben koordiniert er den Fachdienst Pr\u00e4vention einer Beratungsstelle. Dort ist er a u.a. an der Entwicklung einer interaktiven Pr\u00e4ventionsausstellung f\u00fcr Jugendliche beteiligt.<\/p>\n<ul>\n<li>Wir bieten medienp\u00e4dagogische Seminare und kreative Medienworkshops. Hierbei stehen Thema und Prozess im Vordergrund.<\/li>\n<li>Wir evaluieren und konzipieren Ausstattungs- und Mediennutzungskonzepte. Auf Wunsch wird die ben\u00f6tigte Medientechnik unter Ber\u00fccksichtigung des Budgets ausgesucht, eingekauft und fachgerecht installiert.<\/li>\n<li>Wir produzieren Medieninhalte f\u00fcr die unterschiedlichsten Zielformate. Schwerpunkte sind hier Videoproduktionen und VR-Videoproduktionen.<\/li>\n<li>Wir erstellen webbasierte Plattformen f\u00fcr medienp\u00e4dagogische Projekte. Die Anwendungen werden so konzipiert, dass der Auftraggeber nach einer kurzen Einf\u00fchrung die Projektplattform eigenst\u00e4ndig ohne weitere Kosten nutzen kann.<\/li>\n<\/ul>\n","protected":false},"excerpt":{"rendered":"<p>Heiko Walter ist mit digipaed multimedia workshops seit 1999 im Bereich der medienp\u00e4dagogischen Projektarbeit t\u00e4tig. Die medienp\u00e4dagogische T\u00e4tigkeit bezog sich zun\u00e4chst auf die Entwicklung und Durchf\u00fchrung von medienp\u00e4dagogischen Seminaren und Workshops. Seit etwa 2004 sind die Bereiche Medienproduktion und &#8222;Medienberatung und Consulting&#8220; hinzugekommen. Dieser Bereich wurde durch eine Weiterbildung an der Akademie Remscheid weiter professionalisiert. &hellip; <a href=\"http:\/\/digipaed.de\/cms\/?page_id=28\" class=\"more-link\"><span class=\"screen-reader-text\">Angebote<\/span> weiterlesen <span class=\"meta-nav\">&rarr;<\/span><\/a><\/p>\n","protected":false},"author":15,"featured_media":0,"parent":0,"menu_order":0,"comment_status":"closed","ping_status":"closed","template":"","meta":{"footnotes":""},"class_list":["post-28","page","type-page","status-publish","hentry"],"_links":{"self":[{"href":"http:\/\/digipaed.de\/cms\/index.php?rest_route=\/wp\/v2\/pages\/28"}],"collection":[{"href":"http:\/\/digipaed.de\/cms\/index.php?rest_route=\/wp\/v2\/pages"}],"about":[{"href":"http:\/\/digipaed.de\/cms\/index.php?rest_route=\/wp\/v2\/types\/page"}],"author":[{"embeddable":true,"href":"http:\/\/digipaed.de\/cms\/index.php?rest_route=\/wp\/v2\/users\/15"}],"replies":[{"embeddable":true,"href":"http:\/\/digipaed.de\/cms\/index.php?rest_route=%2Fwp%2Fv2%2Fcomments&post=28"}],"version-history":[{"count":8,"href":"http:\/\/digipaed.de\/cms\/index.php?rest_route=\/wp\/v2\/pages\/28\/revisions"}],"predecessor-version":[{"id":500,"href":"http:\/\/digipaed.de\/cms\/index.php?rest_route=\/wp\/v2\/pages\/28\/revisions\/500"}],"wp:attachment":[{"href":"http:\/\/digipaed.de\/cms\/index.php?rest_route=%2Fwp%2Fv2%2Fmedia&parent=28"}],"curies":[{"name":"wp","href":"https:\/\/api.w.org\/{rel}","templated":true}]}}